872 a multiple of 296?
True
Does 7 divide 74894?
False
Does 7 divide 291930124?
False
Is 18 a factor of 175661079?
False
Is 4 a factor of 55524328?
True
Is 10 a factor of 183430842?
False
Is 6785203 a multiple of 277?
False
Does 37 divide 1105682322?
True
Is 1053672550 a multiple of 4025?
True
Is 158630365 a multiple of 6?
False
Does 32 divide 397709120?
True
Is 153427947 a multiple of 213?
True
Does 112 divide 21616?
True
Does 7 divide 31012660?
True
Does 608 divide 77829472?
True
Is 4 a factor of 27935396?
True
Is 65 a factor of 1961180?
True
Does 46 divide 265522388?
False
Is 94286535 a multiple of 815?
True
Is 63421560 a multiple of 34?
True
Is 1937 a factor of 111766141?
False
Is 1055 a factor of 481599386?
False
Does 1051 divide 13684020?
True
Is 2182480169 a multiple of 4?
False
Is 141175300 a multiple of 192?
False
Does 193 divide 1535312105?
True
Does 62 divide 2167210?
True
Is 23 a factor of 13637746?
False
Is 1265 a factor of 59143005?
False
Does 8 divide 744625842?
False
Is 416148558 a multiple of 60?
False
Does 662 divide 705711860?
True
Is 675225740 a multiple of 70?
True
Is 3679348 even?
True
Does 24 divide 8559240?
True
Is 799468288 a multiple of 116?
True
Does 1103 divide 74795654?
False
Is 115 a factor of 615825?
True
Does 50 divide 73357150?
True
Is 294 a factor of 320601164?
False
Is 379 a factor of 22981044?
True
Is 271 a factor of 21909266?
True
Does 672 divide 125967744?
True
Is 60 a factor of 79982160?
True
Does 221 divide 26948597?
False
Is 591 a factor of 472049055?
False
Does 283 divide 161999954?
True
Does 2 divide 764066244?
True
Is 338076483 a multiple of 346?
False
Does 42 divide 905423568?
True
Does 571 divide 24650907?
False
Is 74 a factor of 28340710?
False
Does 97 divide 630420266?
True
Is 3769437306 a multiple of 1526?
False
Is 982 a factor of 11393585?
False
Is 5418052610 a multiple of 2789?
False
Does 1805 divide 16420085?
True
Does 977 divide 3031096581?
True
Does 18 divide 3174960653?
False
Does 42 divide 2883919?
False
Does 12 divide 31835724?
True
Does 634 divide 1156800204?
True
Is 37889665 even?
False
Is 12827647 a multiple of 113?
True
Does 1605 divide 90153926?
False
Is 24 a factor of 28130250?
False
Does 93 divide 3708220112?
False
Is 4 a factor of 304677092?
True
Is 7886222 a multiple of 93?
False
Is 81 a factor of 2777733?
True
Is 6888 a factor of 808754459?
False
Is 14 a factor of 732669?
False
Does 38 divide 1203607739?
False
Does 2 divide 13892156?
True
Is 111 a factor of 98469543?
True
Does 64 divide 2576801851?
False
Is 5077 a factor of 520910354?
True
Does 456 divide 1446507870?
False
Does 126 divide 108536022?
True
Is 8436726 a multiple of 95?
False
Does 4694 divide 1188512133?
False
Is 199448075 a multiple of 1145?
False
Is 5 a factor of 1027316144?
False
Is 24 a factor of 6190536?
True
Is 8 a factor of 20810474?
False
Is 2304 a factor of 1062925056?
True
Does 21 divide 29177205?
False
Is 85 a factor of 155607460?
True
Is 279 a factor of 85259889?
True
Does 676 divide 979975568?
True
Is 134947829 a multiple of 63?
False
Is 498183389 a multiple of 404?
False
Does 8 divide 21289526?
False
Does 476 divide 28671361?
False
Is 179 a factor of 31033552?
False
Is 4768134 a multiple of 14?
True
Is 53 a factor of 42763580?
True
Does 4 divide 13389776?
True
Is 624534 a multiple of 352?
False
Does 38 divide 552546193?
False
Is 215883015 a multiple of 8895?
False
Does 21 divide 762346158?
True
Does 9 divide 97719046?
False
Does 7 divide 681858?
False
Does 7654 divide 1254238018?
True
Does 18 divide 626934748?
False
Is 57865706 a multiple of 232?
False
Is 7813205 a multiple of 415?
True
Is 13 a factor of 825087362?
False
Does 16 divide 173725987?
False
Is 8689 a factor of 3455085712?
False
Does 116 divide 1658183576?
True
Is 7310 a factor of 2856228990?
True
Is 20 a factor of 1900362?
False
Does 33 divide 69483331?
False
Does 18 divide 37652058?
True
Does 94 divide 32050522?
True
Is 382 a factor of 154123248?
True
Is 14648564 a multiple of 106?
True
Is 9 a factor of 813836238?
False
Is 5 a factor of 34504945?
True
Is 63 a factor of 410591682?
False
Is 697190389 a multiple of 3441?
False
Is 27 a factor of 759898427?
False
Is 38 a factor of 704202700?
True
Is 603591286 a multiple of 12?
False
Is 43815192 a multiple of 849?
True
Is 399 a factor of 1022886774?
True
Is 1027427916 a multiple of 62?
True
Is 285 a factor of 6578886?
False
Is 730 a factor of 732618025?
False
Is 4125 a factor of 849015750?
True
Does 9 divide 222520482?
True
Does 123 divide 1843247127?
True
Is 73221296 a multiple of 209?
False
Does 2970 divide 93002477?
False
Does 327 divide 223934178?
True
Does 1103 divide 17767715?
False
Does 15 divide 398271053?
False
Is 1486 a factor of 12693412?
True
Is 9 a factor of 818703?
True
Does 15 divide 441291975?
True
Is 81719015 a multiple of 1967?
True
Is 14392431 a multiple of 48?
False
Is 6258050 a multiple of 1175?
True
Is 1092663 a multiple of 143?
True
Is 75538389 a multiple of 114?
False
Does 136 divide 21759804?
False
Is 2 a factor of 15740881?
False
Does 2492 divide 24673292?
True
Is 2 a factor of 70177443?
False
Does 2122 divide 782597844?
True
Is 3 a factor of 11967000?
True
Does 2240 divide 2130983680?
True
Is 6171705 a multiple of 25?
False
Is 381 a factor of 305257590?
False
Is 406 a factor of 4508885780?
True
Is 188007870 a multiple of 119?
False
Is 217 a factor of 14511441?
True
Is 911479574 a multiple of 3499?
False
Does 13 divide 83366670?
False
Is 4142722 a multiple of 6?
False
Is 409164688 a multiple of 307?
True
Does 162 divide 971403192?
True
Is 70381334 a multiple of 37?
False
Is 19 a factor of 136823807?
True
Is 1521462636 a multiple of 1161?
True
Does 2028 divide 82605243?
False
Is 200 a factor of 20883000?
True
Does 394 divide 48200778?
True
Is 2899 a factor of 30273341?
False
Is 4 a factor of 35976677?
False
Is 107619278 a multiple of 17?
False
Is 249 a factor of 121039647?
True
Is 209986788 a multiple of 22?
True
Is 69874190 a multiple of 369?
False
Is 6042 a factor of 922293545?
False
Does 95 divide 749435363?
False
Is 454027596 a multiple of 83?
True
Is 2 a factor of 3799928?
True
Is 41 a factor of 20359862?
True
Is 507910039 a multiple of 40?
False
Does 1232 divide 116479440?
True
Is 22 a factor of 9662114?
True
Does 2647 divide 798501242?
False
Is 26531770 a multiple of 21?
False
Does 10 divide 50231332?
False
Is 97 a factor of 1304015?
False
Is 15 a factor of 35632410?
True
Does 6 divide 1140379224?
True
Is 50037715 a multiple of 637?
False
Does 25 divide 157510900?
True
Is 359883810 a multiple of 4290?
True
Is 45 a factor of 28415550?
False
Is 3 a factor of 7502505?
True
Does 19 divide 57746493?
False
Is 13 a factor of 991532?
False
Is 85 a factor of 846961210?
False
Is 680 a factor of 740971520?
True
Does 849 divide 6825953?
False
Is 331924101 a multiple of 44?
False
Is 46014399 a multiple of 2?
False
Is 249995565 a multiple of 5?
True
Does 1033 divide 145861666?
True
Is 2036747124 a multiple of 36?
True
Does 19 divide 899048526?
False
Is 1745 a factor of 1172416640?
True
Does 14 divide 780654013?
False
Is 6155838656 a multiple of 2398?
True
Does 606 divide 2862110657?
False
Is 9497379 a multiple of 3?
True
Does 1355 divide 706178575?
True
Does 29 divide 6834184?
False
Is 71 a factor of 469914210?
True
Does 76 divide 1074018660?
False
Is 7 a factor of 24816448?
False
Does 223 divide 9130756?
False
Does 4 divide 10400824?
True
Does 68 divide 22267484?
True
Is 668 a factor of 162488495?
False
Is 195648586 a multiple of 2114?
True
Does 1657 divide 64951308?
False
Does 36 divide 212465232?
True
Is 619 a factor of 318760017?
False
Is 29160531 a multiple of 1773?
True
Is 6441 a factor of 428571258?
True
Is 899971795 a multiple of 970?
False
Is 20949890 a multiple of 13?
True
Is 6 a factor of 121619136?
True
Does 274 divide 682228408?
False
Is 27048583 a multiple of 8?
False
Is 12 a factor of 35853475?
False
Is 1183 a factor of 443446910?
False
Is 1378968700 a multiple of 227?
False
Is 127527640 a multiple of 1166?
False
Does 19 divide 624838941?
False
Is 15 a factor of 161602170?
True
Is 2721295 a multiple of 256?
False
Is 86 a factor of 207986184?
True
Is 697263032 a multiple of 64?
False
Is 3 a factor of 417961749?
True
Is 153719103 a multiple of 8?
False
Does 2